{"id":2152,"date":"2022-04-25T20:30:00","date_gmt":"2022-04-25T20:30:00","guid":{"rendered":"https:\/\/lloc.info\/?page_id=2152"},"modified":"2024-03-21T18:16:34","modified_gmt":"2024-03-21T18:16:34","slug":"volem-que-cada-foto-contingui-emocions-dificils-de-descriure","status":"publish","type":"page","link":"https:\/\/laurapaula.com\/","title":{"rendered":"portada"},"content":{"rendered":"\t\t<div data-elementor-type=\"wp-page\" data-elementor-id=\"2152\" class=\"elementor elementor-2152\">\n\t\t\t\t\t\t\t\t\t<section class=\"elementor-section elementor-top-section elementor-element elementor-element-c376aab elementor-section-full_width elementor-section-height-default elementor-section-height-default\" data-id=\"c376aab\" data-element_type=\"section\">\n\t\t\t\t\t\t<div class=\"elementor-container elementor-column-gap-default\">\n\t\t\t\t\t<div class=\"elementor-column elementor-col-100 elementor-top-column elementor-element elementor-element-091b4e3\" data-id=\"091b4e3\" data-element_type=\"column\">\n\t\t\t<div class=\"elementor-widget-wrap elementor-element-populated\">\n\t\t\t\t\t\t\t\t<div class=\"elementor-element elementor-element-d0f1cc3 elementor-widget elementor-widget-text-editor\" data-id=\"d0f1cc3\" data-element_type=\"widget\" data-widget_type=\"text-editor.default\">\n\t\t\t\t<div class=\"elementor-widget-container\">\n\t\t\t<style>\/*! elementor - v3.6.5 - 27-04-2022 *\/\n.elementor-widget-text-editor.elementor-drop-cap-view-stacked .elementor-drop-cap{background-color:#818a91;color:#fff}.elementor-widget-text-editor.elementor-drop-cap-view-framed .elementor-drop-cap{color:#818a91;border:3px solid;background-color:transparent}.elementor-widget-text-editor:not(.elementor-drop-cap-view-default) .elementor-drop-cap{margin-top:8px}.elementor-widget-text-editor:not(.elementor-drop-cap-view-default) .elementor-drop-cap-letter{width:1em;height:1em}.elementor-widget-text-editor .elementor-drop-cap{float:left;text-align:center;line-height:1;font-size:50px}.elementor-widget-text-editor .elementor-drop-cap-letter{display:inline-block}<\/style>\t\t\t\t<div><\/div>\t\t\t\t\t\t<\/div>\n\t\t\t\t<\/div>\n\t\t\t\t\t<\/div>\n\t\t<\/div>\n\t\t\t\t\t\t\t<\/div>\n\t\t<\/section>\n\t\t\t\t<section class=\"elementor-section elementor-top-section elementor-element elementor-element-bbbe297 elementor-section-full_width elementor-section-height-default elementor-section-height-default\" data-id=\"bbbe297\" data-element_type=\"section\">\n\t\t\t\t\t\t<div class=\"elementor-container elementor-column-gap-default\">\n\t\t\t\t\t<div class=\"elementor-column elementor-col-100 elementor-top-column elementor-element elementor-element-2efcbd3\" data-id=\"2efcbd3\" data-element_type=\"column\">\n\t\t\t<div class=\"elementor-widget-wrap elementor-element-populated\">\n\t\t\t\t\t\t\t\t<div class=\"elementor-element elementor-element-18d0cd5 elementor-widget elementor-widget-heading\" data-id=\"18d0cd5\" data-element_type=\"widget\" data-widget_type=\"heading.default\">\n\t\t\t\t<div class=\"elementor-widget-container\">\n\t\t\t<style>\/*! elementor - v3.6.5 - 27-04-2022 *\/\n.elementor-heading-title{padding:0;margin:0;line-height:1}.elementor-widget-heading .elementor-heading-title[class*=elementor-size-]>a{color:inherit;font-size:inherit;line-height:inherit}.elementor-widget-heading .elementor-heading-title.elementor-size-small{font-size:15px}.elementor-widget-heading .elementor-heading-title.elementor-size-medium{font-size:19px}.elementor-widget-heading .elementor-heading-title.elementor-size-large{font-size:29px}.elementor-widget-heading .elementor-heading-title.elementor-size-xl{font-size:39px}.elementor-widget-heading .elementor-heading-title.elementor-size-xxl{font-size:59px}<\/style><span class=\"elementor-heading-title elementor-size-small\"><br><br><br>laura@batlles.com<br>Laura Batlles | 600 503 809 \n<\/span>\t\t<\/div>\n\t\t\t\t<\/div>\n\t\t\t\t\t<\/div>\n\t\t<\/div>\n\t\t\t\t\t\t\t<\/div>\n\t\t<\/section>\n\t\t\t\t\t\t\t<\/div>\n\t\t","protected":false},"excerpt":{"rendered":"<p>laura@batlles.comLaura Batlles | 600 503 809<\/p>\n","protected":false},"author":1,"featured_media":0,"parent":0,"menu_order":0,"comment_status":"closed","ping_status":"closed","template":"blank-page.php","meta":{"footnotes":""},"class_list":["post-2152","page","type-page","status-publish","hentry"],"yoast_head":"<!-- This site is optimized with the Yoast SEO plugin v19.2 - https:\/\/yoast.com\/wordpress\/plugins\/seo\/ -->\n<title>Laura i Paula Fotografes - Fotografia Bodes<\/title>\n<meta name=\"description\" content=\"Som la LAURA i la PAULA. Compartim les mateixes vocals i aportem cada una de nosaltres les seves consonants amb l\u2019objectiu de donar un toc particular a all\u00f2 que m\u00e9s ens agrada: Capturar moments \u00fanics.\" \/>\n<meta name=\"robots\" content=\"index, follow, max-snippet:-1, max-image-preview:large, max-video-preview:-1\" \/>\n<link rel=\"canonical\" href=\"https:\/\/laurapaula.com\/\" \/>\n<meta property=\"og:locale\" content=\"ca_ES\" \/>\n<meta property=\"og:type\" content=\"article\" \/>\n<meta property=\"og:title\" content=\"Laura i Paula Fotografes - Fotografia Bodes\" \/>\n<meta property=\"og:description\" content=\"Som la LAURA i la PAULA. Compartim les mateixes vocals i aportem cada una de nosaltres les seves consonants amb l\u2019objectiu de donar un toc particular a all\u00f2 que m\u00e9s ens agrada: Capturar moments \u00fanics.\" \/>\n<meta property=\"og:url\" content=\"https:\/\/laurapaula.com\/\" \/>\n<meta property=\"article:modified_time\" content=\"2024-03-21T18:16:34+00:00\" \/>\n<meta name=\"author\" content=\"admin\" \/>\n<meta name=\"twitter:card\" content=\"summary_large_image\" \/>\n<script type=\"application\/ld+json\" class=\"yoast-schema-graph\">{\"@context\":\"https:\/\/schema.org\",\"@graph\":[{\"@type\":\"WebSite\",\"@id\":\"https:\/\/laurapaula.com\/#website\",\"url\":\"https:\/\/laurapaula.com\/\",\"name\":\"\",\"description\":\"\",\"potentialAction\":[{\"@type\":\"SearchAction\",\"target\":{\"@type\":\"EntryPoint\",\"urlTemplate\":\"https:\/\/laurapaula.com\/?s={search_term_string}\"},\"query-input\":\"required name=search_term_string\"}],\"inLanguage\":\"ca\"},{\"@type\":\"WebPage\",\"@id\":\"https:\/\/laurapaula.com\/#webpage\",\"url\":\"https:\/\/laurapaula.com\/\",\"name\":\"Laura i Paula Fotografes - Fotografia Bodes\",\"isPartOf\":{\"@id\":\"https:\/\/laurapaula.com\/#website\"},\"datePublished\":\"2022-04-25T20:30:00+00:00\",\"dateModified\":\"2024-03-21T18:16:34+00:00\",\"description\":\"Som la LAURA i la PAULA. Compartim les mateixes vocals i aportem cada una de nosaltres les seves consonants amb l\u2019objectiu de donar un toc particular a all\u00f2 que m\u00e9s ens agrada: Capturar moments \u00fanics.\",\"breadcrumb\":{\"@id\":\"https:\/\/laurapaula.com\/#breadcrumb\"},\"inLanguage\":\"ca\",\"potentialAction\":[{\"@type\":\"ReadAction\",\"target\":[\"https:\/\/laurapaula.com\/\"]}]},{\"@type\":\"BreadcrumbList\",\"@id\":\"https:\/\/laurapaula.com\/#breadcrumb\",\"itemListElement\":[{\"@type\":\"ListItem\",\"position\":1,\"name\":\"Home\",\"item\":\"https:\/\/laurapaula.com\/\"},{\"@type\":\"ListItem\",\"position\":2,\"name\":\"portada\"}]}]}<\/script>\n<!-- \/ Yoast SEO plugin. -->","yoast_head_json":{"title":"Laura i Paula Fotografes - Fotografia Bodes","description":"Som la LAURA i la PAULA. Compartim les mateixes vocals i aportem cada una de nosaltres les seves consonants amb l\u2019objectiu de donar un toc particular a all\u00f2 que m\u00e9s ens agrada: Capturar moments \u00fanics.","robots":{"index":"index","follow":"follow","max-snippet":"max-snippet:-1","max-image-preview":"max-image-preview:large","max-video-preview":"max-video-preview:-1"},"canonical":"https:\/\/laurapaula.com\/","og_locale":"ca_ES","og_type":"article","og_title":"Laura i Paula Fotografes - Fotografia Bodes","og_description":"Som la LAURA i la PAULA. Compartim les mateixes vocals i aportem cada una de nosaltres les seves consonants amb l\u2019objectiu de donar un toc particular a all\u00f2 que m\u00e9s ens agrada: Capturar moments \u00fanics.","og_url":"https:\/\/laurapaula.com\/","article_modified_time":"2024-03-21T18:16:34+00:00","author":"admin","twitter_card":"summary_large_image","schema":{"@context":"https:\/\/schema.org","@graph":[{"@type":"WebSite","@id":"https:\/\/laurapaula.com\/#website","url":"https:\/\/laurapaula.com\/","name":"","description":"","potentialAction":[{"@type":"SearchAction","target":{"@type":"EntryPoint","urlTemplate":"https:\/\/laurapaula.com\/?s={search_term_string}"},"query-input":"required name=search_term_string"}],"inLanguage":"ca"},{"@type":"WebPage","@id":"https:\/\/laurapaula.com\/#webpage","url":"https:\/\/laurapaula.com\/","name":"Laura i Paula Fotografes - Fotografia Bodes","isPartOf":{"@id":"https:\/\/laurapaula.com\/#website"},"datePublished":"2022-04-25T20:30:00+00:00","dateModified":"2024-03-21T18:16:34+00:00","description":"Som la LAURA i la PAULA. Compartim les mateixes vocals i aportem cada una de nosaltres les seves consonants amb l\u2019objectiu de donar un toc particular a all\u00f2 que m\u00e9s ens agrada: Capturar moments \u00fanics.","breadcrumb":{"@id":"https:\/\/laurapaula.com\/#breadcrumb"},"inLanguage":"ca","potentialAction":[{"@type":"ReadAction","target":["https:\/\/laurapaula.com\/"]}]},{"@type":"BreadcrumbList","@id":"https:\/\/laurapaula.com\/#breadcrumb","itemListElement":[{"@type":"ListItem","position":1,"name":"Home","item":"https:\/\/laurapaula.com\/"},{"@type":"ListItem","position":2,"name":"portada"}]}]}},"_links":{"self":[{"href":"https:\/\/laurapaula.com\/index.php?rest_route=\/wp\/v2\/pages\/2152","targetHints":{"allow":["GET"]}}],"collection":[{"href":"https:\/\/laurapaula.com\/index.php?rest_route=\/wp\/v2\/pages"}],"about":[{"href":"https:\/\/laurapaula.com\/index.php?rest_route=\/wp\/v2\/types\/page"}],"author":[{"embeddable":true,"href":"https:\/\/laurapaula.com\/index.php?rest_route=\/wp\/v2\/users\/1"}],"replies":[{"embeddable":true,"href":"https:\/\/laurapaula.com\/index.php?rest_route=%2Fwp%2Fv2%2Fcomments&post=2152"}],"version-history":[{"count":19,"href":"https:\/\/laurapaula.com\/index.php?rest_route=\/wp\/v2\/pages\/2152\/revisions"}],"predecessor-version":[{"id":2215,"href":"https:\/\/laurapaula.com\/index.php?rest_route=\/wp\/v2\/pages\/2152\/revisions\/2215"}],"wp:attachment":[{"href":"https:\/\/laurapaula.com\/index.php?rest_route=%2Fwp%2Fv2%2Fmedia&parent=2152"}],"curies":[{"name":"wp","href":"https:\/\/api.w.org\/{rel}","templated":true}]}}